1
In base 6, what is 15 + -5502?
-5443
In base 7, what is 204 - -51102?
51306
In base 7, what is 3 - -2432115?
2432121
In base 12, what is 84b6b + -4?
84b67
In base 12, what is 17465 + -1a?
17447
In base 15, what is 24105 + -3?
24102
In base 13, what is 4 - -25533a?
255341
In base 8, what is -227264 + 6?
-227256
In base 7, what is 11 - -41266?
41310
In base 8, what is -24 + -626?
-652
In base 2, what is -100 + -1111010100?
-1111011000
In base 7, what is -3005 - -22652?
16644
In base 12, what is 289 + 640?
909
In base 2, what is 1 + 10101100110?
10101100111
In base 4, what is 2 + -213321112?
-213321110
In base 13, what is 4c34 - 10?
4c24
In base 6, what is -14 + -33543?
-34001
In base 8, what is 16 - 267644?
-267626
In base 5, what is 12 - 3104?
-3042
In base 15, what is -1e01e2 + 2?
-1e01e0
In base 4, what is 10021 - -230?
10311
In base 12, what is -b377 - 123?
-b49a
In base 3, what is -10010122211 - -10?
-10010122201
In base 13, what is -6042 + 6?
-6039
In base 13, what is 4 - 12bc98?
-12bc94
In base 4, what is -2 - -110210302?
110210300
In base 9, what is -473 - 1403?
-1876
In base 13, what is 67b69 - 12?
67b57
In base 15, what is -6 - -d6d00?
d6ce9
In base 7, what is -11 + -2424?
-2435
In base 12, what is 3 - -4bb3?
4bb6
In base 6, what is 2 + 11525123?
11525125
In base 7, what is -1205 - 1144?
-2352
In base 15, what is -4 + 171a?
1716
In base 13, what is b - c81c?
-c811
In base 9, what is -1 - 171703?
-171704
In base 9, what is 1 - -13261?
13262
In base 10, what is -195 + 22?
-173
In base 8, what is 0 - 77630?
-77630
In base 8, what is -10302 + -105?
-10407
In base 14, what is 14 - -389?
39d
In base 16, what is -725d + -16?
-7273
In base 16, what is 1d47 + -a?
1d3d
In base 11, what is -17675 + 3?
-17672
In base 9, what is 1 - -48106?
48107
In base 2, what is 1010010010011 + -10110?
1010001111101
In base 15, what is 1963 - 54?
190e
In base 7, what is -6325 + -3?
-6331
In base 13, what is -230 + b64?
934
In base 2, what is 111110001101101100100 + 10?
111110001101101100110
In base 9, what is -60681 - 22?
-60713
In base 16, what is -1 + b392?
b391
In base 15, what is -90ca4 + -5?
-90ca9
In base 14, what is 17 - 32c6?
-32ad
In base 11, what is 603a + 2?
6041
In base 10, what is -38054 + 54?
-38000
In base 15, what is -2430 - -8?
-2427
In base 5, what is -1120432 - 33?
-1121020
In base 7, what is -1043 - -512?
-231
In base 9, what is -226 - -3807?
3571
In base 16, what is 62a0 - -6?
62a6
In base 4, what is -11 - 2320021?
-2320032
In base 9, what is -2826 - -15?
-2811
In base 13, what is 3 - -361?
364
In base 4, what is 2120300 - 2?
2120232
In base 5, what is -1111234 + -4?
-1111243
In base 12, what is 10 - -1b152?
1b162
In base 10, what is 26235 + -8?
26227
In base 12, what is 16 + -267?
-251
In base 15, what is -603197 + 5?
-603192
In base 14, what is -13 - 3257?
-326a
In base 10, what is 15 - -2754?
2769
In base 15, what is 5 - -23908?
2390d
In base 13, what is -216a - -2a?
-2140
In base 3, what is -102000202 + -10?
-102000212
In base 2, what is 10010011 - -100110101?
111001000
In base 13, what is 985893 + 4?
985897
In base 7, what is 212 + -102?
110
In base 13, what is -1a1c4 - 5?
-1a1c9
In base 14, what is 638942 + 1?
638943
In base 11, what is -14376 - 5?
-14380
In base 7, what is -6051636 + -3?
-6051642
In base 8, what is 10 - -2772?
3002
In base 15, what is 132 + 115?
247
In base 4, what is 12123211 + 3312?
12133123
In base 7, what is -13221 + -42?
-13263
In base 2, what is -100 + 100010100111100?
100010100111000
In base 2, what is -1001 + 110111100000?
110111010111
In base 7, what is 0 + 35213?
35213
In base 9, what is -4 - -265228?
265224
In base 14, what is 7386b5 + 5?
7386ba
In base 8, what is 611735 - -5?
611742
In base 10, what is -5275 - 30?
-5305
In base 8, what is -4041 - -3566?
-253
In base 13, what is -c81b + 0?
-c81b
In base 2, what is -10011101110 - -1001100?
-10010100010
In base 11, what is 9 + -820a4?
-82096
In base 16, what is 1 + 3231?
3232
In base 14, what is 73002 - 0?
73002
In base 13, what is -50 + 507?
487
In base 8, what is 5 + 1315611?
1315616
In base 7, what is 3 - 113164?
-113161
In base 11, what is -2528 + -277?
-27a4
In base 14, what is 3930 - 10c?
3822
In base 3, what is -212012 + 100020?
-111222
In base 7, what is -123643 + 25?
-123615
In base 4, what is -11 + 1333311?
1333300
In base 13, what is 44c - -22?
471
In base 9, what is 481777 + -2?
481775
In base 16, what is -9 - a3fa?
-a403
In base 16, what is 406e6 - -1?
406e7
In base 16, what is -7 - 10f79?
-10f80
In base 12, what is -484 - 77?
-53b
In base 4, what is 11 + -122033021?
-122033010
In base 15, what is -e38 - -a?
-e2d
In base 3, what is 10102012 + -2?
10102010
In base 10, what is 9031 + 4?
9035
In base 7, what is -1253456 - 6?
-1253465
In base 7, what is -25 + -26131?
-26156
In base 3, what is -122010201 - -10222?
-121222202
In base 5, what is -230031 - -31?
-230000
In base 5, what is 3442002 - -21?
3442023
In base 13, what is -144a39 + 4?
-144a35
In base 12, what is -12 + 150?
13a
In base 14, what is -2 + 8bc06?
8bc04
In base 7, what is -2 - -5212511?
5212506
In base 12, what is -4 + -44753?
-44757
In base 16, what is e + 1f56?
1f64
In base 15, what is 322 - -44?
366
In base 7, what is -243103 - -3?
-243100
In base 13, what is 355025 + 3?
355028
In base 8, what is -767462 - -1?
-767461
In base 11, what is 16a - 409?
-24a
In base 15, what is -17db - a?
-17e6
In base 2, what is -1001 - 1011010010?
-1011011011
In base 15, what is 1b9 + 5?
1be
In base 9, what is 5 + 57110?
57115
In base 12, what is -6507 + -4?
-650b
In base 4, what is 10120221211 - -2?
10120221213
In base 8, what is 14 + 111213?
111227
In base 11, what is 905 + 307?
1111
In base 16, what is 174a - 5?
1745
In base 12, what is 1 + b611?
b612
In base 3, what is 10220102102 + 11?
10220102120
In base 5, what is -2443 - -130?
-2313
In base 14, what is 7876 - -3d?
78b5
In base 14, what is -4ad62 + 4?
-4ad5c
In base 7, what is 1400634 + -4?
1400630
In base 14, what is -2 + -64114?
-64116
In base 15, what is 29 + -c36?
-c0c
In base 15, what is 1be63 + -2?
1be61
In base 14, what is -4d - -973?
924
In base 2, what is 11001111 - -1010000?
100011111
In base 11, what is 23a7 - 3?
23a4
In base 10, what is 3 - -48242?
48245
In base 14, what is 6 - -c96?
c9c
In base 10, what is -38020 - 2?
-38022
In base 15, what is a56 - 9d?
9a8
In base 11, what is a - 28a9?
-289a
In base 9, what is 0 + -421823?
-421823
In base 16, what is -31f5e + -4?
-31f62
In base 6, what is 4 + 123504?
123512
In base 2, what is -100111101101 + -1011?
-100111111000
In base 4, what is 2230231 + 30?
2230321
In base 10, what is -12555 - -5?
-12550
In base 12, what is 1a8 + 631?
819
In base 12, what is 1341 + 5?
1346
In base 3, what is 112 - 100120111?
-100112222
In base 9, what is 8624 - 18?
8605
In base 5, what is 2404441 - -3?
2404444
In base 8, what is -311671 - -3?
-311666
In base 11, what is 11298 + 2?
1129a
In base 3, what is 212100110002 - -2?
212100110011
In base 4, what is 2 - 3122212?
-3122210
In base 7, what is 51 - -1546522?
1546603
In base 5, what is 32114 + 2?
32121
In base 12, what is -32 + 12452?
12420
In base 15, what is -1a + 2a?
10
In base 14, what is -a7c - 124?
-ba2
In base 2, what is -1011010011111100 + -101?
-1011010100000001
In base 15, what is -213 + -8?
-21b
In base 2, what is -11101011011 + -1001001?
-11110100100
In base 8, what is -17257 - 3?
-17262
In base 2, what is 101100110010110 + 10?
101100110011000
In base 6, what is -143543 - 2?
-143545
In base 2, what is -1101101001 - -1001000010?
-100100111
In base 13, what is 10 - -b4a?
b5a
In base 16, what is 61 + 2ad6?
2b37
In base 11, what is 86 - -a5?
180
In base 15, what is 149e + 64?
1513
In base 5, what is 141324204 + 12?
141324221
In base 10, what is 1795743 - -3?
1795746
In base 3, what is 0 + 22111111201?
22111111201
In base 2, what is -1101100000 + -111?
-1101100111
In base 7, what is 1511 - -1225?
3036
In base 5, what is -330211313 - 4?
-330211322
In base 11, what is -a1 - -224?
133
In base 8, what is 422 - -74?
516
In base 15, what is -1b8373 - 2?
-1b8375
In base 2, what is -10100110010000 + 10?
-10100110001110
In base 6, what is -230 + -1044?
-1314
In base 9, what is 176 + -362?
-175
In base 10, what is 29872 - 2?
29870
In base 16, what is 1579